{"id":1183,"date":"2019-07-22T11:34:31","date_gmt":"2019-07-22T14:34:31","guid":{"rendered":"https:\/\/rioday.com.br\/site\/?page_id=1183"},"modified":"2019-08-23T11:53:53","modified_gmt":"2019-08-23T14:53:53","slug":"politica-de-troca-e-devolucao","status":"publish","type":"page","link":"https:\/\/rioday.com.br\/site\/politica-de-troca-e-devolucao\/","title":{"rendered":"Pol\u00edticas de Troca e Devolu\u00e7\u00e3o"},"content":{"rendered":"<p><strong>Nosso almoxarifado confere todos os produtos expedidos, destacando que os mesmos s\u00e3o enviados em suas embalagens originais de fabrica com seus acess\u00f3rios (se houver), na mesma quantidade e qualidade, encontrando-se em perfeito de estado de conserva\u00e7\u00e3o. Portanto, esta condi\u00e7\u00e3o \u00e9 fundamental para que haja a devolu\u00e7\u00e3o ou troca de qualquer produto adquirido em nossa loja.<\/strong><\/p>\n<p>PROCEDIMENTOS B\u00c1SICOS PARA O RECEBIMENTO<br \/>\nA confer\u00eancia do(s) produto(s), no ato do recebimento, portanto, na presen\u00e7a do transportador e antes mesmo de assinar o termo de recebimento (DACTE ou NF), constitui uma OBRIGA\u00c7\u00c3O do cliente\/recebedor, portanto, recomendamos, primeiramente, que se verifique:<\/p>\n<ul>\n<li>Se h\u00e1 vest\u00edgios de viola\u00e7\u00e3o na embalagem ou amassados;<\/li>\n<li>Se h\u00e1 algum dano aparente no produto, tais como: amassados, riscos ou falta de acess\u00f3rios, entre outros;<\/li>\n<li>Se o(s) produto(s) apresentado(s) corresponde(m), na mesma qualidade e quantidade, ao solicitado em sua compra;<\/li>\n<\/ul>\n<p>Assim, caso seja identificado algum destes agravos quando da confer\u00eancia, de imediato, recuse o recebimento do(s) produto(s) e inscreva no verso da nota fiscal bem como no verso do conhecimento de frete a seguinte ressalva: \u201cProduto devolvido por avaria no transporte\u201d.<\/p>\n<p>Em seguida, comunique esta recusa a nosso departamento comercial atrav\u00e9s do e-mail: atendimento@rioday.com.br, pois, assim, tomaremos as medidas cab\u00edveis;<\/p>\n<p>&nbsp;<\/p>\n","protected":false},"excerpt":{"rendered":"<p>Nosso almoxarifado confere todos os produtos expedidos, destacando que os mesmos s\u00e3o enviados em suas embalagens originais de fabrica com seus acess\u00f3rios (se houver), na mesma quantidade e qualidade, encontrando-se em perfeito de estado de conserva\u00e7\u00e3o. Portanto, esta condi\u00e7\u00e3o \u00e9 fundamental para que haja a devolu\u00e7\u00e3o ou troca de qualquer produto adquirido em nossa loja. [&hellip;]<\/p>\n","protected":false},"author":1,"featured_media":0,"parent":0,"menu_order":0,"comment_status":"closed","ping_status":"closed","template":"","meta":{"_et_pb_use_builder":"","_et_pb_old_content":"","_et_gb_content_width":"","footnotes":""},"aioseo_notices":[],"_links":{"self":[{"href":"https:\/\/rioday.com.br\/site\/wp-json\/wp\/v2\/pages\/1183"}],"collection":[{"href":"https:\/\/rioday.com.br\/site\/wp-json\/wp\/v2\/pages"}],"about":[{"href":"https:\/\/rioday.com.br\/site\/wp-json\/wp\/v2\/types\/page"}],"author":[{"embeddable":true,"href":"https:\/\/rioday.com.br\/site\/wp-json\/wp\/v2\/users\/1"}],"replies":[{"embeddable":true,"href":"https:\/\/rioday.com.br\/site\/wp-json\/wp\/v2\/comments?post=1183"}],"version-history":[{"count":6,"href":"https:\/\/rioday.com.br\/site\/wp-json\/wp\/v2\/pages\/1183\/revisions"}],"predecessor-version":[{"id":1528,"href":"https:\/\/rioday.com.br\/site\/wp-json\/wp\/v2\/pages\/1183\/revisions\/1528"}],"wp:attachment":[{"href":"https:\/\/rioday.com.br\/site\/wp-json\/wp\/v2\/media?parent=1183"}],"curies":[{"name":"wp","href":"https:\/\/api.w.org\/{rel}","templated":true}]}}