{"id":106,"date":"2019-05-20T20:03:35","date_gmt":"2019-05-20T23:03:35","guid":{"rendered":"https:\/\/rioday.com.br\/site\/?post_type=product&#038;p=106"},"modified":"2025-09-22T15:26:16","modified_gmt":"2025-09-22T18:26:16","slug":"chapa-bifeteira-vulcan-vcrg24","status":"publish","type":"product","link":"https:\/\/rioday.com.br\/site\/p\/chapa-bifeteira-vulcan-vcrg24\/","title":{"rendered":"Chapa Bifeteira Vulcan VCRG24"},"content":{"rendered":"<p>A Chapa Bifeteira Vulcan garante resultados extraordin\u00e1rios, pois distribui de forma uniforme e constante o calor na superf\u00edcie, permitindo maior produtividade em menor tempo. <iframe loading=\"lazy\" src=\"https:\/\/www.youtube.com\/embed\/FqxxMbbM5uQ\" width=\"560\" height=\"315\" frameborder=\"0\" allowfullscreen=\"allowfullscreen\"><\/iframe><\/p>\n<ul>\n<li>Acabamento externo em a\u00e7o inoxid\u00e1vel.<\/li>\n<li>2 queimadores em alum\u00ednio em formato \u201cU\u201d para ampla cobertura.<\/li>\n<li>P\u00e9s niveladores ajust\u00e1veis de 100 mm de altura.<\/li>\n<li>Amplo compartimento de recolhimento de gordura localizada na base lateral esquerda, de aproximadamente 4 litros.<\/li>\n<li>Controles manuais de temperatura por se\u00e7\u00e3o<\/li>\n<\/ul>\n<p><strong>BENEF\u00cdCIOS E DIFERENCIAIS<\/strong><\/p>\n<ul>\n<li>Acabamento externo em a\u00e7o inoxid\u00e1vel. 2 queimadores em alum\u00ednio em formato \u201cU\u201d para ampla cobertura.<\/li>\n<li>F\u00e1cil limpeza: acabamento externo em a\u00e7o inoxid\u00e1vel.<\/li>\n<li>Manter nas duas laterais e no fundo da grelha espa\u00e7o livre m\u00ednimo de 152 mm.<\/li>\n<li>Requer coifa ou sistema de exaust\u00e3o adequado \u00e0s normas vigentes.<\/li>\n<li>Conex\u00e3o de g\u00e1s na parte traseira (\u00e0 direita) de \u00be\u201d (19 mm).<\/li>\n<\/ul>\n","protected":false},"excerpt":{"rendered":"<p>A Chapa Bifeteira Vulcan garante resultados extraordin\u00e1rios, pois distribui de forma uniforme e constante o calor na superf\u00edcie, permitindo maior produtividade em menor tempo.<\/p>\n","protected":false},"featured_media":99,"template":"","meta":{"_et_pb_use_builder":"off","_et_pb_old_content":"A Chapa Bifeteira Vulcan garante resultados extraordin\u00e1rios, pois distribui de forma uniforme e constante o calor na superf\u00edcie, permitindo maior produtividade em menor tempo.\r\n\r\n<iframe src=\"https:\/\/www.youtube.com\/embed\/FqxxMbbM5uQ\" width=\"560\" height=\"315\" frameborder=\"0\" allowfullscreen=\"allowfullscreen\"><\/iframe>\r\n<ul>\r\n \t<li>Acabamento externo em a\u00e7o inoxid\u00e1vel.<\/li>\r\n \t<li>2 queimadores em alum\u00ednio em formato \u201cU\u201d para ampla cobertura.<\/li>\r\n \t<li>P\u00e9s niveladores ajust\u00e1veis de 100 mm de altura.<\/li>\r\n \t<li>Amplo compartimento de recolhimento de gordura localizada na base lateral esquerda, de aproximadamente 4 litros.<\/li>\r\n \t<li>Controles manuais de temperatura por se\u00e7\u00e3o<\/li>\r\n<\/ul>\r\n<strong>BENEF\u00cdCIOS E DIFERENCIAIS<\/strong>\r\n<ul>\r\n \t<li>Acabamento externo em a\u00e7o inoxid\u00e1vel. 2 queimadores em alum\u00ednio em formato \u201cU\u201d para ampla cobertura.<\/li>\r\n \t<li>F\u00e1cil limpeza: acabamento externo em a\u00e7o inoxid\u00e1vel.<\/li>\r\n \t<li>Manter nas duas laterais e no fundo da grelha espa\u00e7o livre m\u00ednimo de 152 mm.<\/li>\r\n \t<li>Requer coifa ou sistema de exaust\u00e3o adequado \u00e0s normas vigentes.<\/li>\r\n \t<li>Conex\u00e3o de g\u00e1s na parte traseira (\u00e0 direita) de \u00be\u201d (19 mm).<\/li>\r\n<\/ul>","_et_gb_content_width":""},"product_cat":[18],"product_tag":[],"aioseo_notices":[],"_links":{"self":[{"href":"https:\/\/rioday.com.br\/site\/wp-json\/wp\/v2\/product\/106"}],"collection":[{"href":"https:\/\/rioday.com.br\/site\/wp-json\/wp\/v2\/product"}],"about":[{"href":"https:\/\/rioday.com.br\/site\/wp-json\/wp\/v2\/types\/product"}],"wp:featuredmedia":[{"embeddable":true,"href":"https:\/\/rioday.com.br\/site\/wp-json\/wp\/v2\/media\/99"}],"wp:attachment":[{"href":"https:\/\/rioday.com.br\/site\/wp-json\/wp\/v2\/media?parent=106"}],"wp:term":[{"taxonomy":"product_cat","embeddable":true,"href":"https:\/\/rioday.com.br\/site\/wp-json\/wp\/v2\/product_cat?post=106"},{"taxonomy":"product_tag","embeddable":true,"href":"https:\/\/rioday.com.br\/site\/wp-json\/wp\/v2\/product_tag?post=106"}],"curies":[{"name":"wp","href":"https:\/\/api.w.org\/{rel}","templated":true}]}}

<p>A Chapa Bifeteira Vulcan garante resultados extraordinários, pois distribui de forma uniforme e constante o calor na superfície, permitindo maior produtividade em menor tempo. <iframe loading="lazy" src="https://www.youtube.com/embed/FqxxMbbM5uQ" width="560" height="315" frameborder="0" allowfullscreen="allowfullscreen"></iframe></p>
<ul>
<li>Acabamento externo em aço inoxidável.</li>
<li>2 queimadores em alumínio em formato “U” para ampla cobertura.</li>
<li>Pés niveladores ajustáveis de 100 mm de altura.</li>
<li>Amplo compartimento de recolhimento de gordura localizada na base lateral esquerda, de aproximadamente 4 litros.</li>
<li>Controles manuais de temperatura por seção</li>
</ul>
<p><strong>BENEFÍCIOS E DIFERENCIAIS</strong></p>
<ul>
<li>Acabamento externo em aço inoxidável. 2 queimadores em alumínio em formato “U” para ampla cobertura.</li>
<li>Fácil limpeza: acabamento externo em aço inoxidável.</li>
<li>Manter nas duas laterais e no fundo da grelha espaço livre mínimo de 152 mm.</li>
<li>Requer coifa ou sistema de exaustão adequado às normas vigentes.</li>
<li>Conexão de gás na parte traseira (à direita) de ¾” (19 mm).</li>
</ul>

<p>A Chapa Bifeteira Vulcan garante resultados extraordinários, pois distribui de forma uniforme e constante o calor na superfície, permitindo maior produtividade em menor tempo.</p>

A Chapa Bifeteira Vulcan garante resultados extraordinários, pois distribui de forma uniforme e constante o calor na superfície, permitindo maior produtividade em menor tempo.

<iframe src="https://www.youtube.com/embed/FqxxMbbM5uQ" width="560" height="315" frameborder="0" allowfullscreen="allowfullscreen"></iframe>
<ul>
 	<li>Acabamento externo em aço inoxidável.</li>
 	<li>2 queimadores em alumínio em formato “U” para ampla cobertura.</li>
 	<li>Pés niveladores ajustáveis de 100 mm de altura.</li>
 	<li>Amplo compartimento de recolhimento de gordura localizada na base lateral esquerda, de aproximadamente 4 litros.</li>
 	<li>Controles manuais de temperatura por seção</li>
</ul>
<strong>BENEFÍCIOS E DIFERENCIAIS</strong>
<ul>
 	<li>Acabamento externo em aço inoxidável. 2 queimadores em alumínio em formato “U” para ampla cobertura.</li>
 	<li>Fácil limpeza: acabamento externo em aço inoxidável.</li>
 	<li>Manter nas duas laterais e no fundo da grelha espaço livre mínimo de 152 mm.</li>
 	<li>Requer coifa ou sistema de exaustão adequado às normas vigentes.</li>
 	<li>Conexão de gás na parte traseira (à direita) de ¾” (19 mm).</li>
</ul>
