{"id":1467,"date":"2019-08-20T15:26:55","date_gmt":"2019-08-20T18:26:55","guid":{"rendered":"https:\/\/rioday.com.br\/site\/?post_type=product&#038;p=1467"},"modified":"2020-07-01T14:15:00","modified_gmt":"2020-07-01T17:15:00","slug":"refrigerador-horizontal-fricon-hced-311-l","status":"publish","type":"product","link":"https:\/\/rioday.com.br\/site\/p\/refrigerador-horizontal-fricon-hced-311-l\/","title":{"rendered":"Refrigerador horizontal Fricon \u2013 HCED 311 L"},"content":{"rendered":"<p>Conserva\u00e7\u00e3o de produtos congelados ou bebidas e refrigerados<\/p>\n<p>Refrigera\u00e7\u00e3o est\u00e1tica<\/p>\n<p>Gabinete com formas internas arredondadas<\/p>\n<p>Chapas internas e externas em a\u00e7o galvanizado pr\u00e9-pintado com alta resist\u00eancia a corros\u00e3o<\/p>\n<p>Isolamento de poliuretano ecologicamente correto<\/p>\n<p>Grade pl\u00e1stica em material de alto impacto com prote\u00e7\u00e3o U.V.<\/p>\n<p>Rod\u00edzio duplo girat\u00f3rio de alta resist\u00eancia<\/p>\n<p>Tampa de chapa com puxador ergon\u00f4mico e dobradi\u00e7as balanceadas<\/p>\n<p>Dreno frontal<\/p>\n<p>Condensa\u00e7\u00e3o for\u00e7ada, garantindo maior velocidade de refrigera\u00e7\u00e3o<\/p>\n<p>Divis\u00f3ria interna<\/p>\n<p>Termostato ajust\u00e1vel para dupla a\u00e7\u00e3o<\/p>\n<p>Temperatura de opera\u00e7\u00e3o de 35\u00baC \/ 75% de umidade relativa do ar<\/p>\n<p>Puxador frontal com fechadura<\/p>\n<p>Defrost (degelo natural)<\/p>\n<hr \/>\n<p>Capacidade 311L<\/p>\n<p>Medidas (LxAxP) 1005x 940 x 705mm<\/p>\n<p>Temperatura: -22 \u00e0 -18 \/ 0 \u00e0 +8 \u00b0C<\/p>\n","protected":false},"excerpt":{"rendered":"<p>Conserva\u00e7\u00e3o de produtos congelados ou bebidas e refrigerados. Refrigera\u00e7\u00e3o est\u00e1tica.<\/p>\n","protected":false},"featured_media":1462,"template":"","meta":{"_et_pb_use_builder":"","_et_pb_old_content":"","_et_gb_content_width":""},"product_cat":[127,25],"product_tag":[],"aioseo_notices":[],"_links":{"self":[{"href":"https:\/\/rioday.com.br\/site\/wp-json\/wp\/v2\/product\/1467"}],"collection":[{"href":"https:\/\/rioday.com.br\/site\/wp-json\/wp\/v2\/product"}],"about":[{"href":"https:\/\/rioday.com.br\/site\/wp-json\/wp\/v2\/types\/product"}],"wp:featuredmedia":[{"embeddable":true,"href":"https:\/\/rioday.com.br\/site\/wp-json\/wp\/v2\/media\/1462"}],"wp:attachment":[{"href":"https:\/\/rioday.com.br\/site\/wp-json\/wp\/v2\/media?parent=1467"}],"wp:term":[{"taxonomy":"product_cat","embeddable":true,"href":"https:\/\/rioday.com.br\/site\/wp-json\/wp\/v2\/product_cat?post=1467"},{"taxonomy":"product_tag","embeddable":true,"href":"https:\/\/rioday.com.br\/site\/wp-json\/wp\/v2\/product_tag?post=1467"}],"curies":[{"name":"wp","href":"https:\/\/api.w.org\/{rel}","templated":true}]}}