{"id":1635,"date":"2020-07-07T17:19:23","date_gmt":"2020-07-07T20:19:23","guid":{"rendered":"https:\/\/rioday.com.br\/site\/?post_type=product&#038;p=1635"},"modified":"2025-09-16T16:23:59","modified_gmt":"2025-09-16T19:23:59","slug":"chapa-bifeteira-a-gas-vulcan-vcrg48","status":"publish","type":"product","link":"https:\/\/rioday.com.br\/site\/p\/chapa-bifeteira-a-gas-vulcan-vcrg48\/","title":{"rendered":"Chapa Bifeteira a G\u00e1s Vulcan VCRG48"},"content":{"rendered":"<p>Com Acabamento externo em a\u00e7o inoxid\u00e1vel e 4 queimadores em alum\u00ednio. A <strong>Chapa Bifeteira Vulcan VCRG48<\/strong> garante excelentes resultados, pois distribui de forma uniforme e constante o calor na superf\u00edcie, produz mais, em menos tempo.<\/p>\n<p><iframe loading=\"lazy\" src=\"https:\/\/www.youtube.com\/embed\/FqxxMbbM5uQ\" width=\"560\" height=\"315\" frameborder=\"0\" allowfullscreen=\"allowfullscreen\"><\/iframe><\/p>\n<h2>Diferenciais da Chapa Bifeteira Vulcan VCRG48<\/h2>\n<ul>\n<li>Acabamento externo em a\u00e7o inoxid\u00e1vel. 4 queimadores em alum\u00ednio em formato \u201cU\u201d para ampla cobertura.<\/li>\n<li>F\u00e1cil limpeza: acabamento externo em a\u00e7o inoxid\u00e1vel.<\/li>\n<li>Requer coifa ou sistema de exaust\u00e3o adequado \u00e0s normas vigentes.<\/li>\n<li>Conex\u00e3o de g\u00e1s na parte traseira (\u00e0 direita) de \u00be\u201d (19 mm).<\/li>\n<li>P\u00e9s niveladores ajust\u00e1veis de 100 mm de altura.<\/li>\n<li>Amplo compartimento de recolhimento de gordura localizada na base lateral esquerda, de aproximadamente 4 litros.<\/li>\n<li>Controles manuais de temperatura por se\u00e7\u00e3o.<\/li>\n<\/ul>\n<h3><em>Garantia Vulcan VCRG48:<\/em><\/h3>\n<p><em>12 meses de garantia a partir da emiss\u00e3o da Nota Fiscal.<\/em><\/p>\n<h3>DIMENS\u00d5ES EXTERNAS (mm):<\/h3>\n<p>Comprimento: 1210 Profundidade: 686 Altura (com p\u00e9s): 406 Altura de trabalho: 317 Pot\u00eancia (BTU\/h): 100.000<\/p>\n<h3>PESOS (Kg):<\/h3>\n<p>L\u00edquido: 170 Bruto: 185<\/p>\n<h3>Observa\u00e7\u00f5es Importantes:<\/h3>\n<ul>\n<li>Requer a instala\u00e7\u00e3o da v\u00e1lvula reguladora de press\u00e3o de g\u00e1s quando for GLP.<\/li>\n<li>Conex\u00e3o de g\u00e1s na parte traseira (\u00e0 direita) de \u00be\u201d (19 mm).<\/li>\n<li>Manter nas duas laterais e no fundo da grelha espa\u00e7o livre m\u00ednimo de 152 mm.<\/li>\n<li>Requer coifa ou sistema de exaust\u00e3o adequado \u00e0s normas vigentes.<\/li>\n<\/ul>\n","protected":false},"excerpt":{"rendered":"<p>Acabamento externo em a\u00e7o inoxid\u00e1vel. 4 queimadores em alum\u00ednio. A Chapa Bifeteira Vulcan VCRG48 garante resultados extraordin\u00e1rios, pois distribui de forma uniforme e constante o calor na superf\u00edcie, permitindo maior produtividade em menos tempo.<\/p>\n","protected":false},"featured_media":1636,"template":"","meta":{"_et_pb_use_builder":"off","_et_pb_old_content":"Com Acabamento externo em a\u00e7o inoxid\u00e1vel e 4 queimadores em alum\u00ednio. A Chapa Bifeteira Vulcan VCRG48 garante excelentes resultados, pois distribui de forma uniforme e constante o calor na superf\u00edcie, produz mais, em menos tempo.\r\n\r\n<iframe src=\"https:\/\/www.youtube.com\/embed\/FqxxMbbM5uQ\" width=\"560\" height=\"315\" frameborder=\"0\" allowfullscreen=\"allowfullscreen\"><\/iframe>\r\n<h2>Diferenciais da Chapa Bifeteira Vulcan VCRG48<\/h2>\r\n<ul>\r\n \t<li>Acabamento externo em a\u00e7o inoxid\u00e1vel. 4 queimadores em alum\u00ednio em formato \u201cU\u201d para ampla cobertura.<\/li>\r\n \t<li>F\u00e1cil limpeza: acabamento externo em a\u00e7o inoxid\u00e1vel.<\/li>\r\n \t<li>Requer coifa ou sistema de exaust\u00e3o adequado \u00e0s normas vigentes.<\/li>\r\n \t<li>Conex\u00e3o de g\u00e1s na parte traseira (\u00e0 direita) de \u00be\u201d (19 mm).<\/li>\r\n \t<li>P\u00e9s niveladores ajust\u00e1veis de 100 mm de altura.<\/li>\r\n \t<li>Amplo compartimento de recolhimento de gordura localizada na base lateral esquerda, de aproximadamente 4 litros.<\/li>\r\n \t<li>Controles manuais de temperatura por se\u00e7\u00e3o.<\/li>\r\n<\/ul>\r\n<h3><em>Garantia Vulcan VCRG48:<\/em><\/h3>\r\n<em>12 meses de garantia a partir da emiss\u00e3o da Nota Fiscal.<\/em>\r\n<h3>DIMENS\u00d5ES EXTERNAS (mm):<\/h3>\r\nComprimento: 1210\r\nProfundidade: 686\r\nAltura (com p\u00e9s): 406\r\nAltura de trabalho: 317\r\n\r\nPot\u00eancia (BTU\/h): 100.000\r\n<h3>PESOS (Kg):<\/h3>\r\nL\u00edquido: 170\r\nBruto: 185\r\n<h3>Observa\u00e7\u00f5es Importantes:<\/h3>\r\n<ul>\r\n \t<li>Requer a instala\u00e7\u00e3o da v\u00e1lvula reguladora de press\u00e3o de g\u00e1s quando for GLP.<\/li>\r\n \t<li>Conex\u00e3o de g\u00e1s na parte traseira (\u00e0 direita) de \u00be\u201d (19 mm).<\/li>\r\n \t<li>Manter nas duas laterais e no fundo da grelha espa\u00e7o livre m\u00ednimo de 152 mm.<\/li>\r\n \t<li>Requer coifa ou sistema de exaust\u00e3o adequado \u00e0s normas vigentes.<\/li>\r\n<\/ul>","_et_gb_content_width":""},"product_cat":[18,133],"product_tag":[],"aioseo_notices":[],"_links":{"self":[{"href":"https:\/\/rioday.com.br\/site\/wp-json\/wp\/v2\/product\/1635"}],"collection":[{"href":"https:\/\/rioday.com.br\/site\/wp-json\/wp\/v2\/product"}],"about":[{"href":"https:\/\/rioday.com.br\/site\/wp-json\/wp\/v2\/types\/product"}],"wp:featuredmedia":[{"embeddable":true,"href":"https:\/\/rioday.com.br\/site\/wp-json\/wp\/v2\/media\/1636"}],"wp:attachment":[{"href":"https:\/\/rioday.com.br\/site\/wp-json\/wp\/v2\/media?parent=1635"}],"wp:term":[{"taxonomy":"product_cat","embeddable":true,"href":"https:\/\/rioday.com.br\/site\/wp-json\/wp\/v2\/product_cat?post=1635"},{"taxonomy":"product_tag","embeddable":true,"href":"https:\/\/rioday.com.br\/site\/wp-json\/wp\/v2\/product_tag?post=1635"}],"curies":[{"name":"wp","href":"https:\/\/api.w.org\/{rel}","templated":true}]}}