{"id":3512,"date":"2024-05-07T14:54:21","date_gmt":"2024-05-07T17:54:21","guid":{"rendered":"https:\/\/rioday.com.br\/site\/?post_type=product&#038;p=3512"},"modified":"2025-09-15T15:07:14","modified_gmt":"2025-09-15T18:07:14","slug":"fritadeira-de-bancada-eletrica-6l-da-marca-hobart","status":"publish","type":"product","link":"https:\/\/rioday.com.br\/site\/p\/fritadeira-de-bancada-eletrica-6l-da-marca-hobart\/","title":{"rendered":"Fritadeira de Bancada El\u00e9trica 6L da Marca Hobart"},"content":{"rendered":"<p>Inova\u00e7\u00e3o tecnol\u00f3gica, precis\u00e3o de controle e grande pot\u00eancia. Deixe-se impressionar pela uni\u00e3o de efic\u00e1cia e excel\u00eancia com nossa mais recente linha de fritadeiras el\u00e9tricas.<\/p>\n<h2>Fritadeira EF 6 Ecomax by Hobart<\/h2>\n<h2>Vantagens e caracter\u00edsticas exclusivas da Fritadeira de Bancada Ecomax<\/h2>\n<ul>\n<li>Aprovada pelo INMETRO, garantindo seguran\u00e7a el\u00e9trica conforme o certificado HOUS 6334-015-23;<\/li>\n<li>Elemento de aquecimento posicionado estrategicamente para otimizar a efici\u00eancia energ\u00e9tica e proporcionar r\u00e1pida recupera\u00e7\u00e3o de temperatura;<\/li>\n<li>Configura\u00e7\u00e3o plug &amp; play para facilitar a opera\u00e7\u00e3o do equipamento;<\/li>\n<li>Controlador de temperatura mec\u00e2nico com bot\u00e3o girat\u00f3rio, simplificando o ajuste;<\/li>\n<li>Design desmont\u00e1vel que facilita a limpeza di\u00e1ria, adicionando conveni\u00eancia \u00e0 manuten\u00e7\u00e3o;<\/li>\n<li>Dotada de um termostato de seguran\u00e7a que monitora constantemente a temperatura interna.<\/li>\n<\/ul>\n<h2>Especifica\u00e7\u00f5es t\u00e9cnicas EF6 Ecomax<\/h2>\n<ul>\n<li>Equipada com dois tanques independentes com pot\u00eancia de 2,3 kW cada;<\/li>\n<li>Capacidade do tanque de 6L;<\/li>\n<li>900 gramas por cesto;<\/li>\n<li>Acompanha dois cestos de fritura com cabo revestido em PVC;<\/li>\n<li>Estrutura em a\u00e7o inoxid\u00e1vel que proporciona durabilidade e facilidade na limpeza do dia-a-dia;<\/li>\n<li>N\u00fameros de Tanques: 2<\/li>\n<\/ul>\n<table>\n<thead>\n<tr>\n<th colspan=\"2\">Modelo: Fritadeira EF 6 Ecomax Hobart<\/th>\n<\/tr>\n<\/thead>\n<tbody>\n<tr>\n<td>Alimenta\u00e7\u00e3o<\/td>\n<td>Monof\u00e1sica<\/td>\n<\/tr>\n<tr>\n<td>TENS\u00c3O (V)<\/td>\n<td>220<\/td>\n<\/tr>\n<tr>\n<td>POT\u00caNCIA (kW)<\/td>\n<td>2,3&#215;2<\/td>\n<\/tr>\n<tr>\n<td>\u00d3LEO (L)<\/td>\n<td>6&#215;2<\/td>\n<\/tr>\n<tr>\n<td>BATATA FRITA* (kg\/h)<\/td>\n<td>15<\/td>\n<\/tr>\n<tr>\n<td>DIMENS\u00c3O EXTERNA (m)<\/td>\n<td>0,32 x 0,55 x 0,41<\/td>\n<\/tr>\n<tr>\n<td>DIMENS\u00c3O TANQUE (m)<\/td>\n<td>0,15 x 0,24 x 0,30<\/td>\n<\/tr>\n<tr>\n<td>CAPACIDADE TANQUE DE LAVAGEM (L)<\/td>\n<td>20 litros<\/td>\n<\/tr>\n<tr>\n<td>CAPACIDADE TANQUE DE ENXAGUE (L)<\/td>\n<td>6 Litros<\/td>\n<\/tr>\n<tr>\n<td>PESO<\/td>\n<td>12<\/td>\n<\/tr>\n<\/tbody>\n<\/table>\n<p>&nbsp;<\/p>\n<h2>Dimensionamento<\/h2>\n<p><strong>DIMENS\u00c3O FRITADEIRA EL\u00c9TRICA 6 LITROS HOBART<\/strong><\/p>\n<ul>\n<li>Altura (m): \u00a00,32<\/li>\n<li>Largura (m): 0,55<\/li>\n<li>Profundidade (m): 0,41<\/li>\n<li>Peso: 12<\/li>\n<\/ul>\n<h2>Garantia Hobart Fritadeiras<\/h2>\n<p>Desfrute de 12 meses de tranquilidade a partir da data de emiss\u00e3o da Nota Fiscal, respaldados pela nossa garantia.<\/p>\n<p>O uso de equipamentos de qualidade como a <em>Fritadeira El\u00e9trica de Bancada 6L Hobart<\/em> n\u00e3o apenas garante seguran\u00e7a e efici\u00eancia, mas tamb\u00e9m se traduz em economia a longo prazo.<\/p>\n<p>Investir em tecnologia avan\u00e7ada significa menos tempo dedicado a processos manuais, menos desperd\u00edcio de energia e ingredientes, e, em \u00faltima an\u00e1lise, resulta em alimentos de qualidade superior para os seus clientes.<br \/>\nSe tiver d\u00favidas, use o\u00a0<strong>bot\u00e3o do whatsapp abaixo<\/strong>\u00a0e seja atendido em instantes, ou envie o\u00a0<a href=\"https:\/\/rioday.com.br\/site\/fale-conosco\/\">email<\/a>.<\/p>\n<p><a href=\"https:\/\/wa.me\/552122703084?text=Ol%C3%A1%2C+Estou+na+loja+virtual+e+gostaria+de+saber+como+pagar+com+%2ADESCONTO%2A%3F\" target=\"_blank\" rel=\"noopener\"><img loading=\"lazy\" decoding=\"async\" class=\"aligncenter wp-image-3507 size-full\" title=\"Ligue para entender e comprar com Desconto!\" src=\"https:\/\/rioday.com.br\/site\/wp-content\/uploads\/2024\/05\/btn-desconto-2.png\" alt=\"compre com desconto\" width=\"331\" height=\"88\" srcset=\"https:\/\/rioday.com.br\/site\/wp-content\/uploads\/2024\/05\/btn-desconto-2.png 331w, https:\/\/rioday.com.br\/site\/wp-content\/uploads\/2024\/05\/btn-desconto-2-300x80.png 300w\" sizes=\"(max-width: 331px) 100vw, 331px\" \/><\/a><\/p>\n","protected":false},"excerpt":{"rendered":"<p>Inova\u00e7\u00e3o tecnol\u00f3gica, precis\u00e3o de controle e grande pot\u00eancia. Deixe-se impressionar com a <strong>Fritadeira de Bancada El\u00e9trica 6L da Marca Hobart<\/strong>, a nossa mais recente linha de fritadeiras el\u00e9tricas.<br \/>\n<a href=\"https:\/\/wa.me\/552122703084?text=Ol%C3%A1%2C+Estou+na+loja+virtual+e+gostaria+de+saber+como+pagar+com+%2ADESCONTO%2A%3F\" target=\"_blank\" rel=\"noopener\"><img loading=\"lazy\" decoding=\"async\" class=\"aligncenter wp-image-3507 size-full\" title=\"Ligue para entender e comprar com Desconto!\" src=\"https:\/\/rioday.com.br\/site\/wp-content\/uploads\/2024\/05\/btn-desconto-2.png\" alt=\"compre com desconto\" width=\"331\" height=\"88\" srcset=\"https:\/\/rioday.com.br\/site\/wp-content\/uploads\/2024\/05\/btn-desconto-2.png 331w, https:\/\/rioday.com.br\/site\/wp-content\/uploads\/2024\/05\/btn-desconto-2-300x80.png 300w\" sizes=\"(max-width: 331px) 100vw, 331px\" \/><\/a><\/p>\n","protected":false},"featured_media":3513,"template":"","meta":{"_et_pb_use_builder":"","_et_pb_old_content":"","_et_gb_content_width":""},"product_cat":[18,198,165,197,155,34],"product_tag":[200],"aioseo_notices":[],"_links":{"self":[{"href":"https:\/\/rioday.com.br\/site\/wp-json\/wp\/v2\/product\/3512"}],"collection":[{"href":"https:\/\/rioday.com.br\/site\/wp-json\/wp\/v2\/product"}],"about":[{"href":"https:\/\/rioday.com.br\/site\/wp-json\/wp\/v2\/types\/product"}],"wp:featuredmedia":[{"embeddable":true,"href":"https:\/\/rioday.com.br\/site\/wp-json\/wp\/v2\/media\/3513"}],"wp:attachment":[{"href":"https:\/\/rioday.com.br\/site\/wp-json\/wp\/v2\/media?parent=3512"}],"wp:term":[{"taxonomy":"product_cat","embeddable":true,"href":"https:\/\/rioday.com.br\/site\/wp-json\/wp\/v2\/product_cat?post=3512"},{"taxonomy":"product_tag","embeddable":true,"href":"https:\/\/rioday.com.br\/site\/wp-json\/wp\/v2\/product_tag?post=3512"}],"curies":[{"name":"wp","href":"https:\/\/api.w.org\/{rel}","templated":true}]}}