{"id":3514,"date":"2024-05-07T15:22:07","date_gmt":"2024-05-07T18:22:07","guid":{"rendered":"https:\/\/rioday.com.br\/site\/?post_type=product&#038;p=3514"},"modified":"2025-09-15T15:02:37","modified_gmt":"2025-09-15T18:02:37","slug":"salamandra-eletrica-de-bancada-eb-450-ecomax-hobart","status":"publish","type":"product","link":"https:\/\/rioday.com.br\/site\/p\/salamandra-eletrica-de-bancada-eb-450-ecomax-hobart\/","title":{"rendered":"Salamandra El\u00e9trica de Bancada EB 450 Ecomax &#8211; Hobart"},"content":{"rendered":"<h2>Salamandra El\u00e9trica de Bancada EB 450 Ecomax &#8211; Hobart<\/h2>\n<p>Quando se trata de criar uma atmosfera acolhedora e agrad\u00e1vel em sua cozinha, n\u00e3o h\u00e1 nada como a Salamandra El\u00e9trica de Bancada Hobart. Combinando design elegante, funcionalidade excepcional e efici\u00eancia energ\u00e9tica, esta salamandra \u00e9 a escolha ideal para chefs profissionais e entusiastas culin\u00e1rios.<\/p>\n<h2><strong>Salamandra el\u00e9trica de bancada com desempenho superior\u00a0<\/strong><\/h2>\n<p>Inegavelmente, esse equipamento foi projetado para oferecer desempenho superior, a Salamandra El\u00e9trica de Bancada Hobart garante um aquecimento uniforme e r\u00e1pido, permitindo que voc\u00ea prepare uma ampla variedade de pratos com facilidade e precis\u00e3o. Seja para gratinar queijos, dourar carnes ou finalizar pratos com um toque delicado, esta salamandra oferece resultados consistentes toda vez.<\/p>\n<h2>Diferenciais<\/h2>\n<ul>\n<li>Certificado de seguran\u00e7a el\u00e9trica INMETRO: HOUS 6334-014-23;<\/li>\n<li>Sistema plug&amp;play para f\u00e1cil opera\u00e7\u00e3o do equipamento;<\/li>\n<li>Adequado sistema de ventila\u00e7\u00e3o \u00e9 necess\u00e1rio para equipamentos de coc\u00e7\u00e3o \u00a0profissional. (NFPAN\u00ba96);<\/li>\n<li>Requer 152 mm de v\u00e3o livre em ambas as laterais e na parte traseira;<\/li>\n<\/ul>\n<h2>Especifica\u00e7\u00f5es t\u00e9cnicas EB450 Ecomax<\/h2>\n<ul>\n<li>Regulagem do teto para aproximar bem no alimento e ter uma perfeita gratina\u00e7\u00e3o;<\/li>\n<li>Instala\u00e7\u00e3o monof\u00e1sica simplificada;<\/li>\n<li>Resist\u00eancia el\u00e9trica em posi\u00e7\u00e3o estrat\u00e9gica para obter melhor resultado no gratinado do alimento;<\/li>\n<li>Termostato de seguran\u00e7a monitora e mant\u00e9m a temperatura dentro de limites seguros durante o uso;<\/li>\n<li>Constru\u00e7\u00e3o robusta em a\u00e7o inoxid\u00e1vel, facilitando a limpeza e assegurando durabilidade excepcional;<\/li>\n<li>Contribui para a\u00a0otimiza\u00e7\u00e3o do espa\u00e7o na cozinha;<\/li>\n<\/ul>\n<p>&nbsp;<\/p>\n<table>\n<thead>\n<tr>\n<th colspan=\"2\">Modelo: Salamandra El\u00e9trica de Bancada EB 450<\/th>\n<\/tr>\n<\/thead>\n<tbody>\n<tr>\n<td>Alimenta\u00e7\u00e3o<\/td>\n<td>Monof\u00e1sica<\/td>\n<\/tr>\n<tr>\n<td>TENS\u00c3O (V)<\/td>\n<td>220<\/td>\n<\/tr>\n<tr>\n<td>POT\u00caNCIA (kW)<\/td>\n<td>2,56<\/td>\n<\/tr>\n<tr>\n<td>LARGURA<\/td>\n<td>45cm<\/td>\n<\/tr>\n<tr>\n<td>PROFUNDIDADE<\/td>\n<td>45cm<\/td>\n<\/tr>\n<tr>\n<td>ALTURA<\/td>\n<td>53cm<\/td>\n<\/tr>\n<tr>\n<td>PESO<\/td>\n<td>39 kg<\/td>\n<\/tr>\n<\/tbody>\n<\/table>\n<h2>Dimensionamento<\/h2>\n<p><strong>DIMENS\u00c3O FRITADEIRA EL\u00c9TRICA 6 LITROS HOBART<\/strong><\/p>\n<ul>\n<li>Altura (m): \u00a00,53<\/li>\n<li>Largura (m): 0,45<\/li>\n<li>Profundidade (m): 0,45<\/li>\n<li>Peso: 39<\/li>\n<\/ul>\n<h2>Garantia Hobart<\/h2>\n<p><strong><em>GARANTIA:\u00a0<\/em><\/strong><em>12 meses de garantia a partir da emiss\u00e3o da Nota Fiscal.<\/em><br \/>\nPara finalizar. Se tiver d\u00favidas, use o <strong>bot\u00e3o do whatsapp abaixo<\/strong>\u00a0e seja atendido em instantes, ou envie o\u00a0<a href=\"https:\/\/rioday.com.br\/site\/fale-conosco\/\">email<\/a>.<\/p>\n<p><a href=\"https:\/\/wa.me\/552122703084?text=Ol%C3%A1%2C+Estou+na+loja+virtual+e+gostaria+de+saber+como+pagar+com+%2ADESCONTO%2A%3F\" target=\"_blank\" rel=\"noopener\"><img loading=\"lazy\" decoding=\"async\" class=\"aligncenter wp-image-3507 size-full\" title=\"Ligue para entender e comprar com Desconto!\" src=\"https:\/\/rioday.com.br\/site\/wp-content\/uploads\/2024\/05\/btn-desconto-2.png\" alt=\"compre com desconto\" width=\"331\" height=\"88\" srcset=\"https:\/\/rioday.com.br\/site\/wp-content\/uploads\/2024\/05\/btn-desconto-2.png 331w, https:\/\/rioday.com.br\/site\/wp-content\/uploads\/2024\/05\/btn-desconto-2-300x80.png 300w\" sizes=\"(max-width: 331px) 100vw, 331px\" \/><\/a><\/p>\n","protected":false},"excerpt":{"rendered":"<p>Combinando design elegante, funcionalidade excepcional e efici\u00eancia energ\u00e9tica, esta <strong>Salamandra El\u00e9trica de Bancada Hobart<\/strong> \u00e9 a escolha ideal para chefs profissionais e entusiastas culin\u00e1rios.<br \/>\n<a href=\"https:\/\/wa.me\/552122703084?text=Ol%C3%A1%2C+Estou+na+loja+virtual+e+gostaria+de+saber+como+pagar+com+%2ADESCONTO%2A%3F\" target=\"_blank\" rel=\"noopener\"><img loading=\"lazy\" decoding=\"async\" class=\"aligncenter wp-image-3507 size-full\" title=\"Ligue para entender e comprar com Desconto!\" src=\"https:\/\/rioday.com.br\/site\/wp-content\/uploads\/2024\/05\/btn-desconto-2.png\" alt=\"compre com desconto\" width=\"331\" height=\"88\" srcset=\"https:\/\/rioday.com.br\/site\/wp-content\/uploads\/2024\/05\/btn-desconto-2.png 331w, https:\/\/rioday.com.br\/site\/wp-content\/uploads\/2024\/05\/btn-desconto-2-300x80.png 300w\" sizes=\"(max-width: 331px) 100vw, 331px\" \/><\/a><\/p>\n","protected":false},"featured_media":3516,"template":"","meta":{"_et_pb_use_builder":"","_et_pb_old_content":"","_et_gb_content_width":""},"product_cat":[18,165,34,201],"product_tag":[202],"aioseo_notices":[],"_links":{"self":[{"href":"https:\/\/rioday.com.br\/site\/wp-json\/wp\/v2\/product\/3514"}],"collection":[{"href":"https:\/\/rioday.com.br\/site\/wp-json\/wp\/v2\/product"}],"about":[{"href":"https:\/\/rioday.com.br\/site\/wp-json\/wp\/v2\/types\/product"}],"wp:featuredmedia":[{"embeddable":true,"href":"https:\/\/rioday.com.br\/site\/wp-json\/wp\/v2\/media\/3516"}],"wp:attachment":[{"href":"https:\/\/rioday.com.br\/site\/wp-json\/wp\/v2\/media?parent=3514"}],"wp:term":[{"taxonomy":"product_cat","embeddable":true,"href":"https:\/\/rioday.com.br\/site\/wp-json\/wp\/v2\/product_cat?post=3514"},{"taxonomy":"product_tag","embeddable":true,"href":"https:\/\/rioday.com.br\/site\/wp-json\/wp\/v2\/product_tag?post=3514"}],"curies":[{"name":"wp","href":"https:\/\/api.w.org\/{rel}","templated":true}]}}