{"id":617,"date":"2019-06-08T18:40:38","date_gmt":"2019-06-08T21:40:38","guid":{"rendered":"https:\/\/rioday.com.br\/site\/?post_type=product&#038;p=617"},"modified":"2020-07-01T14:26:59","modified_gmt":"2020-07-01T17:26:59","slug":"cutter-de-mesa-r2-robot-coupe","status":"publish","type":"product","link":"https:\/\/rioday.com.br\/site\/p\/cutter-de-mesa-r2-robot-coupe\/","title":{"rendered":"Cutter de Mesa R2 Robot Coupe"},"content":{"rendered":"<p>C\u00fater de mesa projetado para cortar carne, preparar maionese, triturar am\u00eandoas e sovar massas em alguns minutos<\/p>\n<h2>Vantagens do produto:<\/h2>\n<p><strong>\u2022 Desempenho:<\/strong><br \/>\nModelos projetados para picar e preparar recheios finos, emuls\u00f5es, mousses, tritura\u00e7\u00f5es e massas, proporcionando qualidade perfeita ao produto acabado em apenas alguns minutos, inclusive nas prepara\u00e7\u00f5es mais longas. A velocidade de 3000 RPM \u00e9 recomendada para mousses e recheios finos.<\/p>\n<p><strong>\u2022 Precis\u00e3o:<\/strong><br \/>\nO Comando de pulso que permite operar de forma pulsada para proporcionar um corte mais preciso. Alguns modelos contam com uma varia\u00e7\u00e3o de velocidade, proporcionando maior flexibilidade de utiliza\u00e7\u00e3o e uma quantidade maior de prepara\u00e7\u00f5es.<\/p>\n<p><strong>\u2022 Pot\u00eancia e durabilidade:<\/strong><br \/>\nMotor ass\u00edncrono potente de uso intensivo, que proporciona mais confiabilidade e durabilidade.<br \/>\nQuantidade de lugares:<br \/>\nde 10 a 100<\/p>\n<p><strong>Usu\u00e1rios:<\/strong><br \/>\nRestaurantes, empresas de catering, associa\u00e7\u00f5es, produtores de embutidos, produtores de bolos, confeiteiros.<br \/>\nResumindo:<br \/>\nPioneira e l\u00edder incontest\u00e1vel, a Robot-Coupe oferece a variedade mais completa de c\u00faters de mesa, com uma gama de 12 modelos de 2,9 a 11,5 litros.<\/p>\n","protected":false},"excerpt":{"rendered":"<p>C\u00fater de mesa projetado para cortar carne, preparar maionese, triturar am\u00eandoas e sovar massas em alguns minutos<\/p>\n","protected":false},"featured_media":618,"template":"","meta":{"_et_pb_use_builder":"","_et_pb_old_content":"","_et_gb_content_width":""},"product_cat":[23,33],"product_tag":[],"aioseo_notices":[],"_links":{"self":[{"href":"https:\/\/rioday.com.br\/site\/wp-json\/wp\/v2\/product\/617"}],"collection":[{"href":"https:\/\/rioday.com.br\/site\/wp-json\/wp\/v2\/product"}],"about":[{"href":"https:\/\/rioday.com.br\/site\/wp-json\/wp\/v2\/types\/product"}],"wp:featuredmedia":[{"embeddable":true,"href":"https:\/\/rioday.com.br\/site\/wp-json\/wp\/v2\/media\/618"}],"wp:attachment":[{"href":"https:\/\/rioday.com.br\/site\/wp-json\/wp\/v2\/media?parent=617"}],"wp:term":[{"taxonomy":"product_cat","embeddable":true,"href":"https:\/\/rioday.com.br\/site\/wp-json\/wp\/v2\/product_cat?post=617"},{"taxonomy":"product_tag","embeddable":true,"href":"https:\/\/rioday.com.br\/site\/wp-json\/wp\/v2\/product_tag?post=617"}],"curies":[{"name":"wp","href":"https:\/\/api.w.org\/{rel}","templated":true}]}}