{"id":721,"date":"2019-06-09T11:16:02","date_gmt":"2019-06-09T14:16:02","guid":{"rendered":"https:\/\/rioday.com.br\/site\/?post_type=product&#038;p=721"},"modified":"2020-07-01T14:16:36","modified_gmt":"2020-07-01T17:16:36","slug":"mixer-robot-coupe-mini-mp-190-v-v","status":"publish","type":"product","link":"https:\/\/rioday.com.br\/site\/p\/mixer-robot-coupe-mini-mp-190-v-v\/","title":{"rendered":"Mixer Robot Coupe Mini MP 190 V.V."},"content":{"rendered":"<h2>Mixer Robot Coupe Mini MP 190 V.V.<\/h2>\n<ul>\n<li>Pot\u00eancia: 270 Watts<\/li>\n<li>Voltagem: Monof\u00e1sico 220V<\/li>\n<li>Velocidade Vari\u00e1vel de 2.000 a 12.500 r.p.m<\/li>\n<li>Sino desmont\u00e1vel: dispositivo exclusivo patenteado Robot Coupe<\/li>\n<li>Dimen\u00e7\u00f5es: Comprimento do tubo: 190mm<\/li>\n<li>Comprimento total: 485mm &#8211; \u00d8 78mm<\/li>\n<li>Peso Bruto: 2,5 Kg<\/li>\n<\/ul>\n","protected":false},"excerpt":{"rendered":"<p>Mixer Robot Coupe Mini MP 190 V.V. Pot\u00eancia: 270 Watts Voltagem: Monof\u00e1sico 220V Velocidade Vari\u00e1vel de 2.000 a 12.500 r.p.m Sino desmont\u00e1vel: dispositivo exclusivo patenteado Robot Coupe Dimen\u00e7\u00f5es: Comprimento do tubo: 190mm Comprimento total: 485mm &#8211; \u00d8 78mm Peso Bruto: 2,5 Kg<\/p>\n","protected":false},"featured_media":723,"template":"","meta":{"_et_pb_use_builder":"","_et_pb_old_content":"","_et_gb_content_width":""},"product_cat":[23,33],"product_tag":[],"aioseo_notices":[],"_links":{"self":[{"href":"https:\/\/rioday.com.br\/site\/wp-json\/wp\/v2\/product\/721"}],"collection":[{"href":"https:\/\/rioday.com.br\/site\/wp-json\/wp\/v2\/product"}],"about":[{"href":"https:\/\/rioday.com.br\/site\/wp-json\/wp\/v2\/types\/product"}],"wp:featuredmedia":[{"embeddable":true,"href":"https:\/\/rioday.com.br\/site\/wp-json\/wp\/v2\/media\/723"}],"wp:attachment":[{"href":"https:\/\/rioday.com.br\/site\/wp-json\/wp\/v2\/media?parent=721"}],"wp:term":[{"taxonomy":"product_cat","embeddable":true,"href":"https:\/\/rioday.com.br\/site\/wp-json\/wp\/v2\/product_cat?post=721"},{"taxonomy":"product_tag","embeddable":true,"href":"https:\/\/rioday.com.br\/site\/wp-json\/wp\/v2\/product_tag?post=721"}],"curies":[{"name":"wp","href":"https:\/\/api.w.org\/{rel}","templated":true}]}}