{"id":94,"date":"2019-05-20T19:46:26","date_gmt":"2019-05-20T22:46:26","guid":{"rendered":"https:\/\/rioday.com.br\/site\/?post_type=product&#038;p=94"},"modified":"2025-09-22T15:31:30","modified_gmt":"2025-09-22T18:31:30","slug":"lavadora-de-copos-ecomax-403-hobart","status":"publish","type":"product","link":"https:\/\/rioday.com.br\/site\/p\/lavadora-de-copos-ecomax-403-hobart\/","title":{"rendered":"Lavadora de Copos Ecomax 403 Hobart"},"content":{"rendered":"<h2>Lavadora de Copos Ecomax 403 Hobart<\/h2>\n<p>A Ecomax 403 agrega toda a qualidade e confiabilidade que a marca Hobart coloca em seus produtos.<\/p>\n<p>Modelo de bancada, compacta e robusta \u00e9 ideal para bares, bistr\u00f4s e pubs. Econ\u00f4mica, mas com ampla capacidade de carga e grande desempenho.<\/p>\n<p>A simplicidade do manuseio traz economia e rapidez para seu estabelecimento, possui ajuste de temperatura espec\u00edfico para lavagem de copos e consumo de \u00e1gua e energia reduzidos.<\/p>\n<p>Constru\u00e7\u00e3o em a\u00e7o inoxid\u00e1vel e porta com dupla prote\u00e7\u00e3o, apresenta dispositivo de seguran\u00e7a que interrompe o ciclo caso a porta seja aberta durante a opera\u00e7\u00e3o.<\/p>\n<h2><strong>CICLOS:<\/strong><\/h2>\n<p>90 \/ 120\/ 150 segundos: Semi ciclo de limpeza autom\u00e1tica.<\/p>\n<p>Composto de duas fases distintas:<\/p>\n<ul>\n<li>Lavagem com \u00e1gua morna e a\u00e7\u00e3o de detergente adequado.<\/li>\n<li>Enx\u00e1gue com \u00e1gua quente para higieniza\u00e7\u00e3o e a\u00e7\u00e3o dessecante.<\/li>\n<\/ul>\n<h2><strong>CONSTRU\u00c7\u00c3O:<\/strong><\/h2>\n<p>Corpo confeccionado em a\u00e7o inoxid\u00e1vel AISI 304, com acabamento escovado. Porta frontal com paredes duplas que conferem maior isolamento t\u00e9rmico e ac\u00fastico, al\u00e9m de garantir maior robustez ao equipamento. Tanque estampado sem emendas, soldas ou costuras que proporciona melhor aproveitamento de espa\u00e7o e maior facilidade na higieniza\u00e7\u00e3o di\u00e1ria. Porta de parede dupla com isolamento e trilho de apoio da gaveta estampado. Interface intuitiva com mostrador digital com caracteres grandes proporcionando melhor visualiza\u00e7\u00e3o das fun\u00e7\u00f5es da lavadora para a f\u00e1cil visualiza\u00e7\u00e3o dos modos de ciclo (aquecimento, lavagem e stand by).<\/p>\n<h2><strong>BENEF\u00cdCIOS E DIFERENCIAIS<\/strong><\/h2>\n<ul>\n<li>Painel de controle localizado na parte superior frontal da m\u00e1quina.<\/li>\n<li>Dispositivo de seguran\u00e7a que interrompe o ciclo caso a porta seja aberta durante a opera\u00e7\u00e3o.<\/li>\n<li>Controle: N\u00edvel \u00e1gua do tanque e da temperatura autom\u00e1ticos.<\/li>\n<li>Bra\u00e7os inferiores e superiores: lavagem em pl\u00e1stico e bicos antientupimento e enx\u00e1gue em a\u00e7o inoxid\u00e1vel.<\/li>\n<li>Filtros: Bomba de lavagem.<\/li>\n<li>Drenagem: Bomba de drenagem (opcional).<\/li>\n<\/ul>\n<h2><strong>EQUIPAMENTO PADR\u00c3O<\/strong><\/h2>\n<ul>\n<li>02 Gavetas lisas 40 x 40.<\/li>\n<li>02 Insertes para para pratos.<\/li>\n<li>02 Suportes para talheres.<\/li>\n<\/ul>\n","protected":false},"excerpt":{"rendered":"<p>A Ecomax 403 agrega toda a qualidade e confiabilidade que a marca Hobart coloca em seus produtos. Modelo de bancada, compacta e robusta \u00e9 ideal para bares, bistr\u00f4s e pubs. Econ\u00f4mica, mas com ampla capacidade de carga e grande desempenho.<\/p>\n","protected":false},"featured_media":95,"template":"","meta":{"_et_pb_use_builder":"","_et_pb_old_content":"","_et_gb_content_width":""},"product_cat":[198,21,34,189],"product_tag":[],"aioseo_notices":[],"_links":{"self":[{"href":"https:\/\/rioday.com.br\/site\/wp-json\/wp\/v2\/product\/94"}],"collection":[{"href":"https:\/\/rioday.com.br\/site\/wp-json\/wp\/v2\/product"}],"about":[{"href":"https:\/\/rioday.com.br\/site\/wp-json\/wp\/v2\/types\/product"}],"wp:featuredmedia":[{"embeddable":true,"href":"https:\/\/rioday.com.br\/site\/wp-json\/wp\/v2\/media\/95"}],"wp:attachment":[{"href":"https:\/\/rioday.com.br\/site\/wp-json\/wp\/v2\/media?parent=94"}],"wp:term":[{"taxonomy":"product_cat","embeddable":true,"href":"https:\/\/rioday.com.br\/site\/wp-json\/wp\/v2\/product_cat?post=94"},{"taxonomy":"product_tag","embeddable":true,"href":"https:\/\/rioday.com.br\/site\/wp-json\/wp\/v2\/product_tag?post=94"}],"curies":[{"name":"wp","href":"https:\/\/api.w.org\/{rel}","templated":true}]}}